Suppose 3*t + 12 - 30 = 0. Suppose 0 = -d + t*d - 650. What are the prime factors of d?
2, 5, 13
Let a = 7 - -10. Suppose -16*u + a*u = 45. List the prime factors of u.
3, 5
Suppose 0 = -2*s + 4*l - 58, 3*l = -l. Let h = s + 31. Suppose 5*z - h*a - 2*a - 362 = 0, -158 = -2*z - 5*a. List the prime factors of z.
2, 37
Let q = 84 - -20. Let u = q + -93. List the prime factors of u.
11
Let n be (-540)/(-16) + (-1)/(-4). Suppose -3*u + 12 = 4*o, 4*u + 3 = 2*o - o. Let h = u + n. List the prime factors of h.
2, 17
Let t(a) = -a**3 - 11*a**2 - 9*a + 10. Let d be t(-10). Suppose -5*y - 5*c = 20, d = -3*y + 5*y - 5*c + 1. List the prime factors of y/(-1)*(-1 + 2).
3
Let a be -1 + (-6)/(-3) - 1. Suppose -2*v + 2 + 230 = a. Suppose 3*t + 2*y = 112 - 30, 4*t = -4*y + v. What are the prime factors of t?
2, 3
Let x be (-3)/(90/12) - 44/(-10). Suppose 0 = a - x*q - 77, -2*a + 48 = -4*q - 126. List the prime factors of a.
97
Let u be 1/2 - 14/(-4). Suppose -v - 1 = -j, 0*j - 2*j + u*v = -2. Let z(p) = 11*p**2 - p. List the prime factors of z(j).
2, 5
Suppose 2*l = -h + 3, 3*h - 4*l + 6*l - 5 = 0. Let p be 1/(h/2) + -3. What are the prime factors of (-1*19)/(p + 0)?
19
Suppose 16 = -4*f, 4*f + 6 = -2*s + f. Let c(z) = z**2. Let n(q) = -q**2 + 5*q - 2. Let b(o) = c(o) - n(o). List the prime factors of b(s).
5
Let z(t) = -64*t + 23. List the prime factors of z(-7).
3, 157
Let y(q) = q**2 - 3*q - 1. Let u be y(4). Suppose 2*p + 0*p - 176 = 0. Suppose -2*j + 77 + 31 = u*l, 2*l - p = 4*j. List the prime factors of l.
2, 19
Suppose -3*q + 2*o = -468, -2*o = 5*q - 163 - 601. What are the prime factors of q?
2, 7, 11
Let y(o) = -5*o**2 - 23*o + 6. Let l(i) = -6*i**2 - 24*i + 5. Let m(k) = 3*l(k) - 4*y(k). What are the prime factors of m(-16)?
3, 61
Let s be (-974)/(-2) - (-1 + -5 - -2). Suppose 4*h - 2*v = -v + 400, -v + s = 5*h. List the prime factors of h.
3, 11
Let c(f) = -f**2 - 11*f + 11. Let s be c(-12). Let w be (-8)/8*(s + -83). Suppose -3*g + g = -w. List the prime factors of g.
2, 3, 7
Let p be 16/(-32)*-7*6. Suppose -4*a + p*a - 5865 = 0. List the prime factors of a.
3, 5, 23
Suppose -3*y + 26 = 4*h, 0 = -2*h + y + y + 6. Suppose -h*m - 18 + 94 = -4*j, 5*j + 32 = m. What are the prime factors of m?
2, 3
Suppose -5 = -2*x + t, -11 - 9 = 4*t. Suppose u - 18 = -5*s, 2*s + u - 9 = -x*u. List the prime factors of ((-759)/(-44))/(s/8).
2, 23
Let t(x) = x**3 + 6*x**2 - 10*x - 10. Let z be t(-7). Let g = z - 67. Let b = g - -82. What are the prime factors of b?
2, 13
Suppose 5*j - v - 132 = 0, -131 + 5 = -5*j - 2*v. List the prime factors of j.
2, 13
Let m(i) = -3097*i + 8. What are the prime factors of m(-1)?
3, 5, 23
Let k(c) = -c**3 + 12*c**2 - 10*c - 7. Suppose 2*g = -3*w + 25, 2*g - 3*w + 0*w - 19 = 0. Let u be k(g). Suppose u*d = -0*d + 104. List the prime factors of d.
2, 13
Suppose -14 = 5*f + 86. Let r = 25 + f. Suppose r*g = 2*g + 219. List the prime factors of g.
73
Suppose -5*t + 1025 = f, 3*t - 398 = t + 2*f. Let h = t - 121. List the prime factors of h.
83
Let k(r) = r**3 + 7*r**2 + 5*r - 2. Let c be k(-6). Suppose 0 = -3*y + 7*y - 80. Suppose 5*g = y, c*g - 21 = u - 7. What are the prime factors of u?
2
Let y be (-98 + 8)*6/(-9). Suppose s = 174 + y. What are the prime factors of s?
2, 3, 13
Let k = -13 - -21. What are the prime factors of (1/(-3))/(k/(-2760))?
5, 23
Let g(q) = q + 12. Let k be g(-6). Let m be ((-8)/k)/(4/(-210)). What are the prime factors of (-20)/m - (-149)/7?
3, 7
Suppose h - 7 = i, -3*h + 0*i - 2*i = -31. Let c(v) = 3*v + 17. What are the prime factors of c(h)?
2, 11
Suppose 8*h = 2*h. List the prime factors of (3 - (h - 45)) + 8/4.
2, 5
Let q = -29 + 29. List the prime factors of (-2 - q - 1)/((-6)/92).
2, 23
Let j = 1011 - 822. What are the prime factors of j?
3, 7
Let w(r) = 9*r**2 + 3*r - 6. Let f(c) = -c**2. Let g(z) = 6*f(z) + w(z). List the prime factors of g(5).
2, 3, 7
Let h be 3/15 - (-3)/(-15). Let w = -44 + 119. Suppose h = 5*b - 15 - w. What are the prime factors of b?
2, 3
Let f = -930 + 1308. What are the prime factors of f?
2, 3, 7
Suppose c + 32 = 2*c - 2*w, -5*c - 4*w + 202 = 0. List the prime factors of c.
2, 19
Suppose -4*m - 888 = -3*l, 4*m - 295 = -l + 5*m. What are the prime factors of l?
2, 73
Let n(f) = -f**2 - 8*f - 8. Let x be n(-6). Let y = 6 - x. Suppose -95 = -3*o - y*o. What are the prime factors of o?
19
Let b = 9396 - 4891. What are the prime factors of b?
5, 17, 53
Let f(x) = -x**2 - 7*x. Let v be f(-8). Let m(w) = -w**2 - 7*w + 9. Let p be m(v). List the prime factors of 5 + -2 - p - -29.
31
Suppose -23*p + 231 + 6209 = 0. List the prime factors of p.
2, 5, 7
Let w(x) be the second derivative of 19/2*x**2 - 5/6*x**3 + 0 + 6*x. List the prime factors of w(-7).
2, 3
Let k(u) = -16*u + 884. Let m be k(55). Let l = 721 + -423. Suppose a = -2*a + 3, 0 = m*y - 2*a - l. What are the prime factors of y?
3, 5
Let z be (42/(-9))/((-2)/48). Let b = 182 - z. What are the prime factors of b?
2, 5, 7
List the prime factors of 41349/21 + 2*-3.
13, 151
Let i(t) = 11*t**2 + 2*t - 1. Let y(m) = -10*m**2 - 2*m + 2. Let s(u) = 3*i(u) + 2*y(u). What are the prime factors of s(2)?
3, 19
What are the prime factors of (263 - 188)*(146/3 + 0)?
2, 5, 73
Suppose -2*f - f = -12, 4*f = -4*g + 16. Let q = 18 + g. List the prime factors of q.
2, 3
Let u(k) = -k**3 - 3*k**2 - 4*k - 2. Let m be u(-7). Suppose -2*o + l = -100, 5*o = -5*l + m - 2. Suppose -6*y = -o - 156. What are the prime factors of y?
2, 17
Suppose -w = r - 4, -w + 4*r = -r - 10. Suppose 0 = 5*k - 5*a - 75, -a = -w*k + 137 - 42. Suppose 0 = 5*p - 25, 3*h - 3*p - 76 = k. List the prime factors of h.
37
Let n = 22 + 3. Suppose 0 = 4*o - 39 - n. Let x = -11 + o. What are the prime factors of x?
5
What are the prime factors of (6/5)/((-3312)/1660 - -2)?
3, 83
Let h(p) = p**2 + 13*p + 13. Let x be h(-12). Let a = x - 3. What are the prime factors of (-363)/(-21) + a/7?
17
Suppose 14 = 2*f + 2*w, -2*f - 4*w = -3*f - 18. Suppose -f*z - 558 = -4*z. List the prime factors of z.
3, 31
Let w(s) = -17*s + 7. Let q(b) = 4*b - 2. Let o(d) = -9*q(d) - 2*w(d). Let g be o(0). Suppose -g*j + j = -66. What are the prime factors of j?
2, 11
Let h(g) = 343*g - 2. Let x be h(2). Suppose x = 23*w - 19*w. What are the prime factors of w?
3, 19
Let l = -10 - -5. Let z = 6 + l. List the prime factors of -2*z/2*-7.
7
Suppose 5*l + 685 = p, -5*p + 467 + 81 = -4*l. Let d = -71 - l. Suppose d = -3*m + 6*m. List the prime factors of m.
2, 11
Suppose k - 5*h - 360 = 361, -h - 1415 = -2*k. What are the prime factors of k?
2, 353
List the prime factors of (-7384)/(-6) - (-49)/147.
1231
Let j = -33 + 36. Let y be j*(-3 - (-22)/6). Suppose z - 52 = -y. List the prime factors of z.
2, 5
Suppose -s + 414 = 2*d, 5*s - 10*s + 1025 = 5*d. What are the prime factors of d?
11, 19
Suppose -8*o = -12*o - 16. Let s(x) = -5*x**2 - 21*x. List the prime factors of s(o).
2
Let j = 47 - 37. Suppose -d + 5*t = -58, j = -5*t - 0. List the prime factors of d.
2, 3
Suppose -j - 2*q = -511, -q = 2*j + 3*j - 2510. Let g = -282 + j. Suppose g = 12*c - 9*c. List the prime factors of c.
73
Suppose -4*x + 3*x = -6. Let g(a) = a**2 - 7*a + 12. Let u be g(x). What are the prime factors of 90/8 - u/(-8)?
2, 3
Let b(u) = -u + 6. Let w(k) = -k + 6. Let l(a) = -4*b(a) + 5*w(a). What are the prime factors of l(-9)?
3, 5
Suppose -9*a + 8*a = -19. Suppose 0 = -2*x + 1 - 9, y = 4*x + 111. Suppose -r = -p + 5*p - a, -5*p = 5*r - y. List the prime factors of r.
19
Suppose 0*h + h - 52 = 0. Let s = -38 + h. What are the prime factors of s?
2, 7
Let t(q) = 32*q**2 - 3*q - 11. Let n be t(-2). Suppose -r + 92 = -5*v, 4*r - n = -5*v + 170. What are the prime factors of r?
7, 11
Suppose 2*p + 15 = -p + 3*n, 3*n - 9 = 0. List the prime factors of (1 - p)/(972/(-327) - -3).
109
Let k = 43 + -41. Suppose -c + 172 = 3*s - k*s, -3*c + 164 = s. List the prime factors of s.
2, 11
Suppose 5*p + 4*g = 6*p - 534, p - 2*g = 540. What are the prime factors of p?
2, 3, 7, 13
Let f = -27 - -132. List the prime factors of (-10)/(95/f - (-2)/(-2)).
3, 5, 7
Suppose -8*r + 4*r + 164 = 0. Suppose 4*j = 17 - r. Let g = 17 + j. List the prime factors of g.
11
Let f(n) = 15*n - 17. Let a(x) = 15*x - 16. Let y(u) = 5*a(u) - 4*f(u). Let i be y(6). Suppose